{"id":114,"date":"2016-11-21T12:54:06","date_gmt":"2016-11-21T15:54:06","guid":{"rendered":"http:\/\/www.institutonores.edu.ar\/web\/?page_id=114"},"modified":"2016-11-21T12:59:15","modified_gmt":"2016-11-21T15:59:15","slug":"proyecto-curricular","status":"publish","type":"page","link":"http:\/\/www.institutonores.edu.ar\/web\/proyecto-curricular\/","title":{"rendered":"Proyecto Curricular"},"content":{"rendered":"<ul>\n<li>Desarrollar y construir actitudes y valores que favorezcan la convivencia democr\u00e1tica y el pluralismo, la solidaridad, el respeto por s\u00ed mismo y por los otros.<\/li>\n<li>Promover la construcci\u00f3n de aprendizajes significativos que posibiliten la organizaci\u00f3n de la realidad.<\/li>\n<li>Favorecer la independencia de las acciones tendientes al desarrollo de la autonom\u00eda, asumiendo progresivamente las responsabilidades individuales y grupales acorde a la diversidad de edades.<\/li>\n<li>Promover el desarrollo de actitudes positivas hacia la sexualidad, favoreciendo la identificaci\u00f3n con el propio sexo y la expresi\u00f3n de sus vivencias.<\/li>\n<li>Propiciar situaciones de juego y tareas que favorezcan el logro de aprendizajes placenteros; potenciando su capacidad para fijar objetivos y organizarse con los otros.<\/li>\n<li>Favorecer el descubrimiento de la noci\u00f3n de regla de la necesidad de su construcci\u00f3n conjunta y a trav\u00e9s de ello, el reconocimiento y pr\u00e1ctica de derechos y obligaciones.<\/li>\n<li>Elaborar situaciones de evaluaci\u00f3n que permitan al ni\u00f1o descubrir sus propios logros y errores, confrontar resultados, comparar diferentes modalidades de acci\u00f3n, escuchar distintos puntos de vista, aceptar cr\u00edticas.<\/li>\n<\/ul>\n<p>&nbsp;<\/p>\n<p>NUESTROS FESTEJOS<\/p>\n<ul>\n<li>25 de Mayo: participamos del desfile que anualmente se realiza en la plaza de barrio Yofre Norte.<\/li>\n<li>Fiesta de los Abuelos. Se invita a los abuelos a compartir un d\u00eda con los ni\u00f1os y se finaliza con un peque\u00f1o acto en Homenaje donde los ni\u00f1os demuestran sus aptitudes art\u00edsticas.<\/li>\n<\/ul>\n<ul>\n<li>Fiesta de la tradici\u00f3n: Se realiza un festival de bailes que recuperan nuestro legado cultural.<\/li>\n<\/ul>\n<ul>\n<li>Fiesta de la\u00a0Familia y Educaci\u00f3n F\u00edsica: Los padres acompa\u00f1an a sus hijos participando de juegos, actividades f\u00edsicas y tambi\u00e9n se realiza un muestreo de actividades donde los ni\u00f1os ponen de manifiesto los logros alcanzados tanto en las clases de Educ. F\u00edsica como en el Proyecto de jockey y f\u00fatbol.<\/li>\n<\/ul>\n<ul>\n<li>Fiesta de Fin de A\u00f1o:\u00a0En la misma se realiza un representaci\u00f3n en la cual se recrea el nacimiento de Jes\u00fas, preparando a los ni\u00f1os para que vivencian el verdadero significado de la navidad.<\/li>\n<\/ul>\n<p>&nbsp;<\/p>\n","protected":false},"excerpt":{"rendered":"<p>Desarrollar y construir actitudes y valores que favorezcan la convivencia democr\u00e1tica y el pluralismo, la solidaridad, el respeto por s\u00ed mismo y por los otros. Promover la construcci\u00f3n de aprendizajes significativos que posibiliten la organizaci\u00f3n de la realidad. Favorecer la <a href=\"http:\/\/www.institutonores.edu.ar\/web\/proyecto-curricular\/\" class=\"read-more\">Leer m\u00e1s &#8230;<\/a><\/p>\n","protected":false},"author":1,"featured_media":0,"parent":0,"menu_order":0,"comment_status":"closed","ping_status":"closed","template":"","meta":{"footnotes":""},"class_list":["post-114","page","type-page","status-publish","hentry"],"_links":{"self":[{"href":"http:\/\/www.institutonores.edu.ar\/web\/wp-json\/wp\/v2\/pages\/114","targetHints":{"allow":["GET"]}}],"collection":[{"href":"http:\/\/www.institutonores.edu.ar\/web\/wp-json\/wp\/v2\/pages"}],"about":[{"href":"http:\/\/www.institutonores.edu.ar\/web\/wp-json\/wp\/v2\/types\/page"}],"author":[{"embeddable":true,"href":"http:\/\/www.institutonores.edu.ar\/web\/wp-json\/wp\/v2\/users\/1"}],"replies":[{"embeddable":true,"href":"http:\/\/www.institutonores.edu.ar\/web\/wp-json\/wp\/v2\/comments?post=114"}],"version-history":[{"count":2,"href":"http:\/\/www.institutonores.edu.ar\/web\/wp-json\/wp\/v2\/pages\/114\/revisions"}],"predecessor-version":[{"id":117,"href":"http:\/\/www.institutonores.edu.ar\/web\/wp-json\/wp\/v2\/pages\/114\/revisions\/117"}],"wp:attachment":[{"href":"http:\/\/www.institutonores.edu.ar\/web\/wp-json\/wp\/v2\/media?parent=114"}],"curies":[{"name":"wp","href":"https:\/\/api.w.org\/{rel}","templated":true}]}}