{"id":266,"date":"2016-11-28T12:21:23","date_gmt":"2016-11-28T15:21:23","guid":{"rendered":"http:\/\/www.institutonores.edu.ar\/web\/?page_id=266"},"modified":"2016-11-28T12:40:15","modified_gmt":"2016-11-28T15:40:15","slug":"proyectos-por-grado","status":"publish","type":"page","link":"http:\/\/www.institutonores.edu.ar\/web\/proyectos-por-grado\/","title":{"rendered":"PROYECTOS POR GRADO"},"content":{"rendered":"<p><strong>1\u00ba GRADO:<\/strong><\/p>\n<ul>\n<li>Ciencias Naturales:<\/li>\n<\/ul>\n<p style=\"padding-left: 60px;\">-\u201cDesarroll\u00e1ndome \u00a0y cuid\u00e1ndome\u201d.<br \/>\n-Huerta \u00a0org\u00e1nica.<\/p>\n<ul>\n<li>Ciencias Sociales:<\/li>\n<\/ul>\n<p style=\"padding-left: 60px;\">\u201cFamilia \u00a0\u2013 Juego\u201d.<\/p>\n<hr \/>\n<p><strong>2\u00ba GRADO<\/strong><\/p>\n<ul>\n<li>Lengua:<\/li>\n<\/ul>\n<p style=\"padding-left: 60px;\">-\u201cPersonajes \u00a0Tradicionales: Las brujas, qu\u00e9 hacen y qui\u00e9nes son\u201d<\/p>\n<ul>\n<li>Ciencias Sociales:<\/li>\n<\/ul>\n<p style=\"padding-left: 60px;\">-La \u00a0escuela en la d\u00e9cada del \u201850.<br \/>\n-Informe \u00a0sobre Barrio Yofre.<\/p>\n<hr \/>\n<p><strong>3\u00ba GRADO<\/strong><\/p>\n<ul>\n<li>Lengua:<\/li>\n<\/ul>\n<p style=\"padding-left: 60px;\">-Descubrimos \u00a0el mundo de la mitolog\u00eda griega.<br \/>\n-Lectura \u00a0de \u201cEl Ingenioso Hidalgo Don Quijote de la Mancha\u201d.<br \/>\n-Biograf\u00eda \u00a0de Miguel de Cervantes Saavedra<\/p>\n<ul>\n<li>Ciencias Sociales:<\/li>\n<\/ul>\n<p style=\"padding-left: 60px;\">-Lectura \u00a0\u201cOlay\u00f3n y las ciceronas\u201d (1\u00ba parte).<br \/>\n-Historia \u00a0ciudad de C\u00f3rdoba.<\/p>\n<ul>\n<li>Ciencias Naturales:<\/li>\n<\/ul>\n<p style=\"padding-left: 60px;\">-El \u00a0universo y su historia.<br \/>\n-Rol \u00a0e importancia de las lombrices en el suelo.<\/p>\n<hr \/>\n<p><strong>4\u00ba GRADO<\/strong><\/p>\n<ul>\n<li>Lengua:<\/li>\n<\/ul>\n<p style=\"padding-left: 60px;\">-Lectura \u00a0de \u201cEl Ingenioso Hidalgo Don Quijote de la Mancha\u201d.<br \/>\n-Producci\u00f3n \u00a0de historietas sobre algunos episodios del texto.<br \/>\n-Leyendas.<\/p>\n<ul>\n<li>Ciencias Sociales:<\/li>\n<\/ul>\n<p style=\"padding-left: 60px;\">-Lectura \u00a0\u201cOlay\u00f3n y las ciceronas\u201d (2\u00ba parte).<br \/>\n-Historia \u00a0ciudad de C\u00f3rdoba. Misiones Jesu\u00edticas.<\/p>\n<ul>\n<li>Ciencias Naturales:<\/li>\n<\/ul>\n<p style=\"padding-left: 60px;\">El \u00a0suelo: elaboraci\u00f3n de res\u00famenes.<\/p>\n<hr \/>\n<p><strong>5\u00ba GRADO<\/strong><\/p>\n<ul>\n<li>Lengua:<\/li>\n<\/ul>\n<p style=\"padding-left: 60px;\">-Narrar \u00a0por escrito desde un personaje.<br \/>\n-El \u00a0diario en la escuela: Producci\u00f3n de Cr\u00f3nicas.<\/p>\n<ul>\n<li>Ciencias Sociales:<\/li>\n<\/ul>\n<p style=\"padding-left: 60px;\">-Regionalizaci\u00f3n. \u00a0Circuitos productivos.<\/p>\n<hr \/>\n<p><strong>6\u00ba GRADO<\/strong><\/p>\n<ul>\n<li>Lengua:<\/li>\n<\/ul>\n<p style=\"padding-left: 60px;\">-Lectura de \u201cEl Ingenioso Hidalgo Don \u00a0Quijote de la Mancha\u201d. \u00a0Dramatizaci\u00f3n de escenas c\u00f3micas. Producci\u00f3n: di\u00e1logos para dramatizar. \u00a0Contexto hist\u00f3rico: investigaci\u00f3n.<\/p>\n<p style=\"padding-left: 60px;\">-Lectura del \u201cMart\u00edn Fierro\u201d. Lectura de \u00a0versos. Recursos po\u00e9ticos. Vida del gaucho (Ciencias Sociales). \u00a0\u201cLecturas de poes\u00edas y novelas\u201d<\/p>\n<ul>\n<li>Ciencias Naturales:<\/li>\n<\/ul>\n<p style=\"padding-left: 60px;\">-Conocernos \u00a0nos ayuda a cuidarnos y querernos (sobre Educaci\u00f3n Sexual)<\/p>\n<p>&nbsp;<\/p>\n","protected":false},"excerpt":{"rendered":"<p>1\u00ba GRADO: Ciencias Naturales: -\u201cDesarroll\u00e1ndome \u00a0y cuid\u00e1ndome\u201d. -Huerta \u00a0org\u00e1nica. Ciencias Sociales: \u201cFamilia \u00a0\u2013 Juego\u201d. 2\u00ba GRADO Lengua: -\u201cPersonajes \u00a0Tradicionales: Las brujas, qu\u00e9 hacen y qui\u00e9nes son\u201d Ciencias Sociales: -La \u00a0escuela en la d\u00e9cada del \u201850. -Informe \u00a0sobre Barrio Yofre. 3\u00ba <a href=\"http:\/\/www.institutonores.edu.ar\/web\/proyectos-por-grado\/\" class=\"read-more\">Leer m\u00e1s &#8230;<\/a><\/p>\n","protected":false},"author":1,"featured_media":0,"parent":0,"menu_order":0,"comment_status":"closed","ping_status":"closed","template":"","meta":{"footnotes":""},"class_list":["post-266","page","type-page","status-publish","hentry"],"_links":{"self":[{"href":"http:\/\/www.institutonores.edu.ar\/web\/wp-json\/wp\/v2\/pages\/266","targetHints":{"allow":["GET"]}}],"collection":[{"href":"http:\/\/www.institutonores.edu.ar\/web\/wp-json\/wp\/v2\/pages"}],"about":[{"href":"http:\/\/www.institutonores.edu.ar\/web\/wp-json\/wp\/v2\/types\/page"}],"author":[{"embeddable":true,"href":"http:\/\/www.institutonores.edu.ar\/web\/wp-json\/wp\/v2\/users\/1"}],"replies":[{"embeddable":true,"href":"http:\/\/www.institutonores.edu.ar\/web\/wp-json\/wp\/v2\/comments?post=266"}],"version-history":[{"count":6,"href":"http:\/\/www.institutonores.edu.ar\/web\/wp-json\/wp\/v2\/pages\/266\/revisions"}],"predecessor-version":[{"id":272,"href":"http:\/\/www.institutonores.edu.ar\/web\/wp-json\/wp\/v2\/pages\/266\/revisions\/272"}],"wp:attachment":[{"href":"http:\/\/www.institutonores.edu.ar\/web\/wp-json\/wp\/v2\/media?parent=266"}],"curies":[{"name":"wp","href":"https:\/\/api.w.org\/{rel}","templated":true}]}}