{"id":280,"date":"2016-11-28T12:51:16","date_gmt":"2016-11-28T15:51:16","guid":{"rendered":"http:\/\/www.institutonores.edu.ar\/web\/?page_id=280"},"modified":"2020-09-28T08:30:24","modified_gmt":"2020-09-28T11:30:24","slug":"plan-de-estudio","status":"publish","type":"page","link":"http:\/\/www.institutonores.edu.ar\/web\/plan-de-estudio\/","title":{"rendered":"Plan de Estudio"},"content":{"rendered":"<p style=\"text-align: center;\"><strong>CICLO B\u00c1SICO<\/strong><\/p>\n<table style=\"height: 1067px;\" width=\"646\">\n<tbody>\n<tr>\n<td width=\"192\"><strong>1\u00ba A\u00d1O<\/strong><\/td>\n<td width=\"192\"><strong>2\u00ba A\u00d1O<\/strong><\/td>\n<td width=\"192\"><strong>3\u00ba A\u00d1O<\/strong><\/td>\n<\/tr>\n<tr>\n<td width=\"192\">Lengua y Literatura<\/td>\n<td width=\"192\">Lengua y Literatura<\/td>\n<td width=\"192\">Lengua y Literatura<\/td>\n<\/tr>\n<tr>\n<td width=\"192\">Lengua extranjera<\/p>\n<p>Ingl\u00e9s<\/td>\n<td width=\"192\">Lengua extranjera<\/p>\n<p>Ingl\u00e9s<\/td>\n<td width=\"192\">Lengua extranjera<\/p>\n<p>Ingl\u00e9s<\/td>\n<\/tr>\n<tr>\n<td width=\"192\">Matem\u00e1tica<\/td>\n<td width=\"192\">Matem\u00e1tica<\/td>\n<td width=\"192\">Matem\u00e1tica<\/td>\n<\/tr>\n<tr>\n<td width=\"192\">Ciencias Naturales<\/p>\n<p>F\u00edsica<\/td>\n<td width=\"192\">Ciencias Naturales<\/p>\n<p>Qu\u00edmica<\/td>\n<td width=\"192\">Ciencias Naturales<\/p>\n<p>Qu\u00edmica<\/td>\n<\/tr>\n<tr>\n<td width=\"192\">Ciencias Naturales<\/p>\n<p>Biolog\u00eda<\/td>\n<td width=\"192\">Ciencias Naturales<\/p>\n<p>Biolog\u00eda<\/td>\n<td width=\"192\">Ciencias Naturales<\/p>\n<p>F\u00edsica<\/td>\n<\/tr>\n<tr>\n<td width=\"192\">Ciencias Sociales<\/p>\n<p>Geograf\u00eda<\/td>\n<td width=\"192\">Ciencias Sociales<\/p>\n<p>Historia<\/td>\n<td width=\"192\">Ciencias Sociales<\/p>\n<p>Historia<\/td>\n<\/tr>\n<tr>\n<td width=\"192\"><\/td>\n<td width=\"192\"><\/td>\n<td width=\"192\">Ciencias Sociales<\/p>\n<p>Geograf\u00eda<\/td>\n<\/tr>\n<tr>\n<td width=\"192\">Educaci\u00f3n Art\u00edstica<\/p>\n<p>Pl\u00e1stica<\/td>\n<td width=\"192\">Educaci\u00f3n Art\u00edstica<\/p>\n<p>M\u00fasica<\/td>\n<td width=\"192\">Educaci\u00f3n Art\u00edstica<\/p>\n<p>M\u00fasica o Pl\u00e1stica<\/td>\n<\/tr>\n<tr>\n<td width=\"192\">Educ. Tecnol\u00f3gica<\/p>\n<p>&nbsp;<\/td>\n<td width=\"192\">Educ. Tecnol\u00f3gica<\/p>\n<p>&nbsp;<\/td>\n<td width=\"192\">Educ. Tecnol\u00f3gica<\/p>\n<p>&nbsp;<\/td>\n<\/tr>\n<tr>\n<td width=\"192\">Ciudadan\u00eda y Participaci\u00f3n<\/td>\n<td width=\"192\">Ciudadan\u00eda y Participaci\u00f3n<\/td>\n<td width=\"192\">Formaci\u00f3n para la vida y el trabajo<\/td>\n<\/tr>\n<tr>\n<td width=\"192\">Formaci\u00f3n Cristiana<\/td>\n<td width=\"192\">Formaci\u00f3n Cristiana<\/td>\n<td width=\"192\">Formaci\u00f3n Cristiana<\/td>\n<\/tr>\n<tr>\n<td width=\"192\">Educaci\u00f3n F\u00edsica<\/td>\n<td width=\"192\">Educaci\u00f3n F\u00edsica<\/p>\n<p>&nbsp;<\/td>\n<td width=\"192\">Educaci\u00f3n F\u00edsica<\/td>\n<\/tr>\n<\/tbody>\n<\/table>\n<p>&nbsp;<\/p>\n<p>&nbsp;<\/p>\n<p style=\"text-align: center;\"><strong>CICLO ORIENTADO: Bachiller en Econom\u00eda y Administraci\u00f3n<\/strong><\/p>\n<p>&nbsp;<\/p>\n<table width=\"708\">\n<tbody>\n<tr>\n<td width=\"236\"><strong>4\u00ba A\u00d1O<\/strong><\/td>\n<td width=\"236\"><strong>5\u00ba A\u00d1O<\/strong><\/td>\n<td width=\"236\"><strong>6\u00ba A\u00d1O<\/strong><\/td>\n<td width=\"0\"><\/td>\n<\/tr>\n<tr>\n<td rowspan=\"2\" width=\"236\">Matem\u00e1tica<\/td>\n<td rowspan=\"2\" width=\"236\">Matem\u00e1tica<\/td>\n<td rowspan=\"2\" width=\"236\">\u00a0Matem\u00e1tica<\/td>\n<td width=\"0\"><\/td>\n<\/tr>\n<tr>\n<td width=\"0\"><\/td>\n<\/tr>\n<tr>\n<td rowspan=\"2\" width=\"236\">Lengua y Literatura<\/td>\n<td rowspan=\"2\" width=\"236\">Lengua y Literatura<\/td>\n<td rowspan=\"2\" width=\"236\">\u00a0Lengua y Literatura<\/td>\n<td width=\"0\"><\/td>\n<\/tr>\n<tr>\n<td width=\"0\"><\/td>\n<\/tr>\n<tr>\n<td width=\"236\">Lengua extranjera<\/td>\n<td width=\"236\">Lengua extranjera<\/td>\n<td width=\"236\">Lengua extranjera<\/td>\n<td width=\"0\"><\/td>\n<\/tr>\n<tr>\n<td width=\"236\">Ingl\u00e9s<\/td>\n<td width=\"236\">Ingl\u00e9s<\/td>\n<td width=\"236\">Ingl\u00e9s<\/td>\n<td width=\"0\"><\/td>\n<\/tr>\n<tr>\n<td width=\"236\">Educaci\u00f3n Art\u00edstico \u2013 Cultural<\/td>\n<td rowspan=\"2\" width=\"236\">Educaci\u00f3n Art\u00edstico \u2013 Cultural M\u00fasica<\/td>\n<td rowspan=\"2\" width=\"236\">\u00a0Educaci\u00f3n Art\u00edstico \u2013 Cultural Teatro<\/td>\n<td width=\"0\"><\/td>\n<\/tr>\n<tr>\n<td width=\"236\">Pl\u00e1stica<\/td>\n<td width=\"0\"><\/td>\n<\/tr>\n<tr>\n<td rowspan=\"2\" width=\"236\">Evangelizaci\u00f3n<\/td>\n<td rowspan=\"2\" width=\"236\">Evangelizaci\u00f3n<\/td>\n<td rowspan=\"2\" width=\"236\">\u00a0Evangelizaci\u00f3n<\/td>\n<td width=\"0\"><\/td>\n<\/tr>\n<tr>\n<td width=\"0\"><\/td>\n<\/tr>\n<tr>\n<td rowspan=\"2\" width=\"236\">Biolog\u00eda<\/td>\n<td rowspan=\"2\" width=\"236\">F\u00edsica<\/td>\n<td rowspan=\"2\" width=\"236\">\u00a0Qu\u00edmica<\/td>\n<td width=\"0\"><\/td>\n<\/tr>\n<tr>\n<td width=\"0\"><\/td>\n<\/tr>\n<tr>\n<td rowspan=\"2\" width=\"236\">Historia<\/td>\n<td rowspan=\"2\" width=\"236\">Historia<\/td>\n<td rowspan=\"2\" width=\"236\">\u00a0Ciudadan\u00eda y Pol\u00edtica<\/td>\n<td width=\"0\"><\/td>\n<\/tr>\n<tr>\n<td width=\"0\"><\/td>\n<\/tr>\n<tr>\n<td rowspan=\"2\" width=\"236\">Geograf\u00eda<\/td>\n<td rowspan=\"2\" width=\"236\">Geograf\u00eda<\/td>\n<td rowspan=\"2\" width=\"236\">\u00a0Derecho<\/td>\n<td width=\"0\"><\/td>\n<\/tr>\n<tr>\n<td width=\"0\"><\/td>\n<\/tr>\n<tr>\n<td rowspan=\"2\" width=\"236\">Educaci\u00f3n F\u00edsica<\/td>\n<td rowspan=\"2\" width=\"236\">Educaci\u00f3n F\u00edsica<\/td>\n<td rowspan=\"2\" width=\"236\">\u00a0Educaci\u00f3n F\u00edsica<\/td>\n<td width=\"0\"><\/td>\n<\/tr>\n<tr>\n<td width=\"0\"><\/td>\n<\/tr>\n<tr>\n<td width=\"236\">Formaci\u00f3n para la Vida y el Trabajo<\/td>\n<td width=\"236\">Formaci\u00f3n para la Vida y el Trabajo<\/td>\n<td width=\"236\">Formaci\u00f3n para la Vida y el Trabajo<\/td>\n<td width=\"0\"><\/td>\n<\/tr>\n<tr>\n<td width=\"236\">&nbsp;<\/td>\n<td width=\"236\">Psicolog\u00eda<\/td>\n<td width=\"236\">\u00a0Filosof\u00eda<\/td>\n<td width=\"0\"><\/td>\n<\/tr>\n<tr>\n<td width=\"236\">Sistemas de Informaci\u00f3n Contable<\/td>\n<td width=\"236\">Sistemas de Informaci\u00f3n Contable<\/td>\n<td width=\"236\">\u00a0Sistemas de Informaci\u00f3n Contable<\/td>\n<td width=\"0\"><\/td>\n<\/tr>\n<tr>\n<td rowspan=\"2\" width=\"236\">Administraci\u00f3n<\/td>\n<td rowspan=\"2\" width=\"236\">Administraci\u00f3n<\/td>\n<td rowspan=\"2\" width=\"236\">\u00a0Administraci\u00f3n<\/td>\n<td width=\"0\"><\/td>\n<\/tr>\n<tr>\n<td width=\"0\"><\/td>\n<\/tr>\n<tr>\n<td width=\"236\">Responsabilidad Social de las Organizaciones<\/td>\n<td width=\"236\">Econom\u00eda II<\/td>\n<td width=\"236\">\u00a0Econom\u00eda III<\/td>\n<td width=\"0\"><\/td>\n<\/tr>\n<tr>\n<td width=\"236\">&nbsp;<\/td>\n<td width=\"236\">Tecnolog\u00edas de la Informaci\u00f3n y la Comunicaci\u00f3n (T.I.C)<\/td>\n<td width=\"236\">\u00a0Administraci\u00f3n de la Producci\u00f3n y Comercializaci\u00f3n<\/td>\n<td width=\"0\"><\/td>\n<\/tr>\n<\/tbody>\n<\/table>\n<p>&nbsp;<\/p>\n<p style=\"text-align: center;\"><strong>CICLO ORIENTADO: Bachiller en Inform\u00e1tica<\/strong><\/p>\n<p><strong>\u00a0<\/strong><\/p>\n<table width=\"708\">\n<tbody>\n<tr>\n<td width=\"236\"><strong>4\u00ba A\u00d1O<\/strong><\/td>\n<td width=\"236\"><strong>5\u00ba A\u00d1O<\/strong><\/td>\n<td width=\"236\"><strong>6\u00ba A\u00d1O<\/strong><\/td>\n<td width=\"0\"><\/td>\n<\/tr>\n<tr>\n<td rowspan=\"2\" width=\"236\">Matem\u00e1tica<\/td>\n<td rowspan=\"2\" width=\"236\">Matem\u00e1tica<\/td>\n<td rowspan=\"2\" width=\"236\">\u00a0Matem\u00e1tica<\/td>\n<td width=\"0\"><\/td>\n<\/tr>\n<tr>\n<td width=\"0\"><\/td>\n<\/tr>\n<tr>\n<td rowspan=\"2\" width=\"236\">Lengua y Literatura<\/td>\n<td rowspan=\"2\" width=\"236\">Lengua y Literatura<\/td>\n<td rowspan=\"2\" width=\"236\">\u00a0Lengua y Literatura<\/td>\n<td width=\"0\"><\/td>\n<\/tr>\n<tr>\n<td width=\"0\"><\/td>\n<\/tr>\n<tr>\n<td width=\"236\">Lengua extranjera<\/td>\n<td width=\"236\">Lengua extranjera<\/td>\n<td width=\"236\">Lengua extranjera<\/td>\n<td width=\"0\"><\/td>\n<\/tr>\n<tr>\n<td width=\"236\">Ingl\u00e9s<\/td>\n<td width=\"236\">Ingl\u00e9s<\/td>\n<td width=\"236\">Ingl\u00e9s<\/td>\n<td width=\"0\"><\/td>\n<\/tr>\n<tr>\n<td width=\"236\">Educaci\u00f3n Art\u00edstico \u2013 Cultural<\/td>\n<td rowspan=\"2\" width=\"236\">Educaci\u00f3n Art\u00edstico \u2013 Cultural M\u00fasica<\/td>\n<td rowspan=\"2\" width=\"236\">\u00a0Educaci\u00f3n Art\u00edstico \u2013 Cultural Teatro<\/td>\n<td width=\"0\"><\/td>\n<\/tr>\n<tr>\n<td width=\"236\">Pl\u00e1stica<\/td>\n<td width=\"0\"><\/td>\n<\/tr>\n<tr>\n<td rowspan=\"2\" width=\"236\">Evangelizaci\u00f3n<\/td>\n<td rowspan=\"2\" width=\"236\">Evangelizaci\u00f3n<\/td>\n<td rowspan=\"2\" width=\"236\">\u00a0Evangelizaci\u00f3n<\/td>\n<td width=\"0\"><\/td>\n<\/tr>\n<tr>\n<td width=\"0\"><\/td>\n<\/tr>\n<tr>\n<td rowspan=\"2\" width=\"236\">Biolog\u00eda<\/td>\n<td rowspan=\"2\" width=\"236\">F\u00edsica<\/td>\n<td rowspan=\"2\" width=\"236\">\u00a0Qu\u00edmica<\/td>\n<td width=\"0\"><\/td>\n<\/tr>\n<tr>\n<td width=\"0\"><\/td>\n<\/tr>\n<tr>\n<td rowspan=\"2\" width=\"236\">Historia<\/td>\n<td rowspan=\"2\" width=\"236\">Historia<\/td>\n<td rowspan=\"2\" width=\"236\">\u00a0Ciudadan\u00eda y Pol\u00edtica<\/td>\n<td width=\"0\"><\/td>\n<\/tr>\n<tr>\n<td width=\"0\"><\/td>\n<\/tr>\n<tr>\n<td rowspan=\"2\" width=\"236\">Geograf\u00eda<\/td>\n<td rowspan=\"2\" width=\"236\">Geograf\u00eda<\/td>\n<td rowspan=\"2\" width=\"236\">\u00a0Derecho<\/td>\n<td width=\"0\"><\/td>\n<\/tr>\n<tr>\n<td width=\"0\"><\/td>\n<\/tr>\n<tr>\n<td rowspan=\"2\" width=\"236\">Educaci\u00f3n F\u00edsica<\/td>\n<td rowspan=\"2\" width=\"236\">Educaci\u00f3n F\u00edsica<\/td>\n<td rowspan=\"2\" width=\"236\">\u00a0Educaci\u00f3n F\u00edsica<\/td>\n<td width=\"0\"><\/td>\n<\/tr>\n<tr>\n<td width=\"0\"><\/td>\n<\/tr>\n<tr>\n<td width=\"236\">Formaci\u00f3n para la Vida y el Trabajo<\/td>\n<td width=\"236\">Formaci\u00f3n para la Vida y el Trabajo<\/td>\n<td width=\"236\">Formaci\u00f3n para la Vida y el Trabajo<\/td>\n<td width=\"0\"><\/td>\n<\/tr>\n<tr>\n<td width=\"236\">&nbsp;<\/td>\n<td width=\"236\">Psicolog\u00eda<\/td>\n<td width=\"236\">\u00a0Filosof\u00eda<\/td>\n<td width=\"0\"><\/td>\n<\/tr>\n<tr>\n<td width=\"236\">Sistemas Digitales de la Informaci\u00f3n I<\/td>\n<td width=\"236\">Sistemas Digitales de la Informaci\u00f3n II<\/td>\n<td width=\"236\">Dise\u00f1o de Soluciones Inform\u00e1ticas II<\/td>\n<td width=\"0\"><\/td>\n<\/tr>\n<tr>\n<td rowspan=\"2\" width=\"236\">T\u00e9cnicas y Lenguajes de Programaci\u00f3n<\/td>\n<td rowspan=\"2\" width=\"236\">Dise\u00f1o de Soluciones Inform\u00e1ticas I<\/td>\n<td rowspan=\"2\" width=\"236\">Comunicaci\u00f3n Audiovisual<\/td>\n<td width=\"0\"><\/td>\n<\/tr>\n<tr>\n<td width=\"0\"><\/td>\n<\/tr>\n<tr>\n<td width=\"236\">&nbsp;<\/td>\n<td width=\"236\">Alfabetizaci\u00f3n Digital<\/td>\n<td width=\"236\">Aplicaciones Inform\u00e1ticas<\/td>\n<td width=\"0\"><\/td>\n<\/tr>\n<tr>\n<td width=\"236\">&nbsp;<\/td>\n<td width=\"236\">&nbsp;<\/td>\n<td width=\"236\">Rob\u00f3tica y Sistemas de Control Computarizado<\/td>\n<td width=\"0\"><\/td>\n<\/tr>\n<\/tbody>\n<\/table>\n<p><strong>\u00a0<\/strong><\/p>\n","protected":false},"excerpt":{"rendered":"<p>CICLO B\u00c1SICO 1\u00ba A\u00d1O 2\u00ba A\u00d1O 3\u00ba A\u00d1O Lengua y Literatura Lengua y Literatura Lengua y Literatura Lengua extranjera Ingl\u00e9s Lengua extranjera Ingl\u00e9s Lengua extranjera Ingl\u00e9s Matem\u00e1tica Matem\u00e1tica Matem\u00e1tica Ciencias Naturales F\u00edsica Ciencias Naturales Qu\u00edmica Ciencias Naturales Qu\u00edmica Ciencias Naturales <a href=\"http:\/\/www.institutonores.edu.ar\/web\/plan-de-estudio\/\" class=\"read-more\">Leer m\u00e1s &#8230;<\/a><\/p>\n","protected":false},"author":1,"featured_media":0,"parent":0,"menu_order":0,"comment_status":"closed","ping_status":"closed","template":"","meta":{"footnotes":""},"class_list":["post-280","page","type-page","status-publish","hentry"],"_links":{"self":[{"href":"http:\/\/www.institutonores.edu.ar\/web\/wp-json\/wp\/v2\/pages\/280","targetHints":{"allow":["GET"]}}],"collection":[{"href":"http:\/\/www.institutonores.edu.ar\/web\/wp-json\/wp\/v2\/pages"}],"about":[{"href":"http:\/\/www.institutonores.edu.ar\/web\/wp-json\/wp\/v2\/types\/page"}],"author":[{"embeddable":true,"href":"http:\/\/www.institutonores.edu.ar\/web\/wp-json\/wp\/v2\/users\/1"}],"replies":[{"embeddable":true,"href":"http:\/\/www.institutonores.edu.ar\/web\/wp-json\/wp\/v2\/comments?post=280"}],"version-history":[{"count":8,"href":"http:\/\/www.institutonores.edu.ar\/web\/wp-json\/wp\/v2\/pages\/280\/revisions"}],"predecessor-version":[{"id":6258,"href":"http:\/\/www.institutonores.edu.ar\/web\/wp-json\/wp\/v2\/pages\/280\/revisions\/6258"}],"wp:attachment":[{"href":"http:\/\/www.institutonores.edu.ar\/web\/wp-json\/wp\/v2\/media?parent=280"}],"curies":[{"name":"wp","href":"https:\/\/api.w.org\/{rel}","templated":true}]}}